{"id":2,"date":"2020-05-14T12:33:21","date_gmt":"2020-05-14T12:33:21","guid":{"rendered":"http:\/\/www.serrano-eng.cat\/temporal\/?page_id=2"},"modified":"2024-04-19T09:09:06","modified_gmt":"2024-04-19T09:09:06","slug":"pagina-ejemplo","status":"publish","type":"page","link":"https:\/\/www.serrano-eng.cat\/?page_id=2","title":{"rendered":"Pol\u00edtica de cookies"},"content":{"rendered":"\n<p>A trav\u00e9s d&#8217;aquest lloc web no es recapten dades de car\u00e0cter personal dels usuaris sense el seu coneixement, ni se cedeixen a tercers.<\/p>\n\n\n\n<p><br>Amb la finalitat d&#8217;oferir-li el millor servei i a fi de facilitar l&#8217;\u00fas, aquest tipus de cookies (de car\u00e0cter t\u00e8cnic) permeten a l&#8217;usuari la navegaci\u00f3 a trav\u00e9s d&#8217;una p\u00e0gina web i la utilitzaci\u00f3 de les diferents opcions o serveis que en ella existeixin, incloent aquelles que l&#8217;editor (propietari de la web) utilitza per a permetre la gesti\u00f3 i operativa de la p\u00e0gina web i habilitar les seves funcions i serveis, com, per exemple, controlar el tr\u00e0nsit i la comunicaci\u00f3 de dades, identificar la sessi\u00f3, realitzar la sol\u00b7licitud d&#8217;inscripci\u00f3.<\/p>\n\n\n\n<p><br>El propietari de la web no utilitza cookies per a recollir informaci\u00f3 dels usuaris, ni registra les adreces IP d&#8217;acc\u00e9s.<\/p>\n\n\n\n<p><br>La present web pot contenir enlla\u00e7os a llocs web de tercers, les pol\u00edtiques de privacitat dels quals s\u00f3n alienes al propietari d\u2019aquesta web. En accedir a tals llocs web vost\u00e8 pot decidir si accepta les seves pol\u00edtiques de privacitat i de cookies.<\/p>\n\n\n\n<h1 class=\"has-black-color has-text-color has-normal-font-size\">&nbsp;<\/h1>\n\n\n\n<p>En accedir a la nostra web mitjan\u00e7ant un buscador o navegador \u00e9s possible que el propi buscador\/navegador instal\u00b7li cookies en el seu dispositiu, cas en el qual haur\u00e0 de consultar la pol\u00edtica de cookies del propietari del buscador\/navegador.<\/p>\n\n\n\n<h1 class=\"has-black-color has-text-color has-normal-font-size\"><br>Actualitzacions de la pol\u00edtica de cookies<\/h1>\n\n\n\n<p><br>Aquesta p\u00e0gina web pot modificar aquesta Pol\u00edtica de Cookies, amb la finalitat d&#8217;informar-lo sobre l&#8217;\u00fas que a cada moment fem de les cookies, li recomanem revisar-la regularment.<\/p>\n\n\n\n<p><\/p>\n\n\n\n<p><\/p>\n","protected":false},"excerpt":{"rendered":"<p>A trav\u00e9s d&#8217;aquest lloc web no es recapten dades de car\u00e0cter personal dels usuaris sense el seu coneixement, ni se cedeixen a tercers. Amb la finalitat d&#8217;oferir-li el millor servei i a fi de facilitar l&#8217;\u00fas, aquest tipus de cookies (de car\u00e0cter t\u00e8cnic) permeten a l&#8217;usuari la navegaci\u00f3 a trav\u00e9s d&#8217;una p\u00e0gina web i la&hellip;<\/p>\n","protected":false},"author":1,"featured_media":0,"parent":0,"menu_order":0,"comment_status":"closed","ping_status":"open","template":"","meta":[],"_links":{"self":[{"href":"https:\/\/www.serrano-eng.cat\/index.php?rest_route=\/wp\/v2\/pages\/2"}],"collection":[{"href":"https:\/\/www.serrano-eng.cat\/index.php?rest_route=\/wp\/v2\/pages"}],"about":[{"href":"https:\/\/www.serrano-eng.cat\/index.php?rest_route=\/wp\/v2\/types\/page"}],"author":[{"embeddable":true,"href":"https:\/\/www.serrano-eng.cat\/index.php?rest_route=\/wp\/v2\/users\/1"}],"replies":[{"embeddable":true,"href":"https:\/\/www.serrano-eng.cat\/index.php?rest_route=%2Fwp%2Fv2%2Fcomments&post=2"}],"version-history":[{"count":2,"href":"https:\/\/www.serrano-eng.cat\/index.php?rest_route=\/wp\/v2\/pages\/2\/revisions"}],"predecessor-version":[{"id":208,"href":"https:\/\/www.serrano-eng.cat\/index.php?rest_route=\/wp\/v2\/pages\/2\/revisions\/208"}],"wp:attachment":[{"href":"https:\/\/www.serrano-eng.cat\/index.php?rest_route=%2Fwp%2Fv2%2Fmedia&parent=2"}],"curies":[{"name":"wp","href":"https:\/\/api.w.org\/{rel}","templated":true}]}}